 of s and 39.
13
Let c(o) = o + 46. Let j be c(-19). What is the highest common divisor of j and 27?
27
Let a = 22 + -13. What is the greatest common factor of a and 3?
3
Suppose -4*b - 4 = b + 2*d, 3*b - 2 = d. Let p = -1 + b. Let n be p/(-2) - (-47)/2. What is the greatest common divisor of 8 and n?
8
Let m = 3 - -3. Let z = -37 + 39. What is the highest common factor of m and z?
2
Let c(x) = -2*x**2 + 5*x + 7. Let a be c(5). Let o = a + 36. Suppose i + 3*i = 8. What is the greatest common divisor of o and i?
2
Suppose -19 = -n + 5*z, -7 = -2*n - 5*z + 16. What is the greatest common divisor of n and 98?
14
Let n = -3 - -6. Suppose 0*k - 39 = -5*t + k, -n*k + 35 = 4*t. Suppose 15 + 49 = 2*c. What is the greatest common factor of c and t?
8
Let i(l) = -l**3 + 10*l**2 + 4*l + 8. Let b be i(5). What is the highest common factor of b and 17?
17
Let k(p) = -p**3 + 6*p**2 + 7*p + 7. Let n be k(8). Let t = n - -95. Calculate the greatest common factor of t and 6.
6
Suppose -5*w + 6*w = 5. Suppose a = w*a + 136. Let t = -17 - a. Calculate the highest common divisor of t and 119.
17
Let s be 0 - (-4 + 2) - (-198 + 2). Suppose -2*y + 1 = 2*k - 27, 5*k - 34 = -3*y. Calculate the highest common factor of y and s.
18
Let m be -44*(0 + -2 - -1). Suppose f = -3*t + 31, -2*t + 46 = 2*t - f. Let u = t + -7. What is the highest common divisor of m and u?
4
Let k be ((-12)/9)/(2/(-144)). Suppose d = 4*z - 68, 0 = z + 4*z - 4*d - k. What is the highest common factor of z and 8?
8
Suppose -2*i + 12 = -l, -5*i - l = -2*i - 13. Let d be (-5)/(3/(-8 + -1)). Calculate the greatest common divisor of i and d.
5
Let c(k) = k**3 - 15*k**2 - 14*k - 10. Let r be c(16). Calculate the greatest common factor of 11 and r.
11
Let p(y) = -y**2 - 4*y - 3. Let q be p(6). Let u be q/(-77) - (-2)/11. What is the greatest common factor of u and 8?
1
Let n be 14 - (-5)/(25/(-10)). Calculate the highest common factor of n and 12.
12
Let p(d) = -d**2 - 6 + 5*d + 3 + 0*d. Let w be p(4). Calculate the highest common factor of w and 4.
1
Let x = -10 - -55. What is the highest common divisor of 9 and x?
9
Let r = 16 - -2. What is the highest common factor of r and 126?
18
Suppose 3*y - 25 = 2*y. Let h = y - 17. What is the greatest common factor of h and 88?
8
Let o(h) = -h**3 + h + 57. Let u be o(0). Suppose -2*w - 55 = 5*q, -4*q - 180 = 5*w - 0*q. Let i = u + w. What is the highest common factor of 51 and i?
17
Suppose 0 = -4*n - 5*i + 109, 3*i = -i - 12. Suppose 2*a - n = 57. Let q = -9 + 13. What is the highest common divisor of q and a?
4
Let h = -2 - -7. Suppose h + 17 = 2*n. What is the greatest common factor of 121 and n?
11
Suppose -4*q + 10 = 3*n - 16, -n + 30 = 4*q. Suppose -3 = k - 4*y + 8, -2*y = -6. What is the greatest common factor of k and q?
1
Let a(j) = 3*j - 5. Let f be a(4). Let z be (60/35)/(2/f). What is the greatest common factor of 60 and z?
6
Let t be (20/(-12))/((-3)/45). Calculate the greatest common factor of 275 and t.
25
Let i be (2 + -2)/(-5) + 130. What is the greatest common divisor of i and 26?
26
Suppose 2*o = -q + 241 - 1, -2*q + 240 = 2*o. Let c = -44 + 68. What is the highest common divisor of c and o?
24
Let x(o) = -o**3 - o**2 + 4*o + 4. Let m be x(-3). Let g be m/(3/(1 - -2)). What is the highest common divisor of 110 and g?
10
Suppose q + 6*i - 46 = i, -i = 4*q - 89. Suppose -8*h + 5*h + 567 = 0. Calculate the highest common factor of h and q.
21
Suppose 2*w - 262 = -d, d + 9*w - 265 = 4*w. Let y be d/24 + (-2)/(-12). Let b be (8 + -6)*y/2. Calculate the highest common factor of 77 and b.
11
Let h(j) = j**2 - 4. Let v be h(3). Suppose 3*b - v = 10. Suppose 2*r = 23 - 3. What is the highest common divisor of r and b?
5
Suppose 0*r + 5*p - 46 = -4*r, 2*p = r - 5. What is the greatest common factor of 27 and r?
9
Let g be 10/(-35) - (-2)/7. Let t be g + (0 - -10) + 2. What is the highest common factor of 60 and t?
12
Let g(w) = -12*w - 92. Let h be g(-8). What is the highest common factor of h and 32?
4
Suppose -4*q - 19 = -47. Suppose q = u - 9. Calculate the greatest common divisor of 160 and u.
16
Let v = 31 + -23. Calculate the greatest common divisor of v and 64.
8
Suppose -5*p - 112 = -w - 0*p, -3*w - p + 336 = 0. Calculate the highest common divisor of 14 and w.
14
Suppose 7*n = 3*n + 120. Let w = -27 + n. Calculate the greatest common divisor of 9 and w.
3
Let m(f) = -f - 13. Let j be m(-5). Let i(s) = -s**2 - 8*s + 3. Let p be i(j). Calculate the greatest common divisor of p and 1.
1
Suppose 11*i - 21 = 23. Suppose -l + 15 = s - 27, -4*s = -5*l - 150. Calculate the greatest common factor of s and i.
4
Suppose 5*q = q + 44. Let y = -6 - -1. Let w = y + q. Calculate the greatest common factor of w and 48.
6
Let p(s) = 3*s**2 - 4*s - 1. Let g be p(3). Let v(h) = 12*h**2 + 4. Let m be v(-3). What is the highest common factor of g and m?
14
Suppose -3*s = -16 - 11. Calculate the greatest common factor of s and 9.
9
Let k = 20 - 0. Suppose 798 = 5*n - s + 2*s, -s = 2. Calculate the highest common divisor of n and k.
20
Let d(x) = -x**3 + 7*x**2 + x + 8. Let u be d(6). Calculate the greatest common divisor of 25 and u.
25
Let d = 12 - 8. Suppose 0*o + t + 9 = o, -d*o + 36 = -5*t. Calculate the highest common factor of 27 and o.
9
Let g be 6/(1 - -2 - 2). Let u = -3 + g. Suppose -u*t + t + 126 = 0. What is the highest common factor of t and 9?
9
Let i = 4 + -1. Let n(h) = -h**3 + 4*h**2 - 2*h + 1. Let x be n(i). Calculate the highest common factor of x and 8.
4
Let v(z) = -8*z + 4. Let p be v(-4). Suppose 0*r - 3*b + 2 = -r, -4*b = r - 19. Suppose -r*w + 450 = -2*w. What is the greatest common factor of w and p?
18
Let i(s) = 2*s**3 - 5*s**2 + 3. Let z be (-69)/(-18) + 3/18. Let m be i(z). Calculate the greatest common factor of m and 34.
17
Let n(z) be the second derivative of -z**3/6 - 3*z**2 - 2*z. Let o be n(-7). Let h = -13 + 14. What is the greatest common factor of h and o?
1
Let i(d) = 10*d**2 - 2*d + 1. Let r be i(-2). Suppose -3*t = -0*t + r. Let c be (24/t + 2)*175. What is the greatest common factor of 10 and c?
10
Let j(b) = 5*b**2 - 10*b + 18. Let r(x) = 2*x**2 - 3*x + 6. Let l(s) = -3*j(s) + 8*r(s). Let y be l(-8). What is the highest common factor of 80 and y?
10
Let y(w) = 8*w**2 + w. Let i be y(-2). Suppose -2*a = 5*z - 5*a - 53, 29 = 3*z + a. What is the highest common factor of i and z?
10
Suppose 29 = 5*r + 3*l - 35, -l + 3 = 0. Let p = 2 + -1. Let y(j) = 120*j + 1. Let m be y(p). What is the highest common factor of m and r?
11
Let m = -395 + 410. Let a = 86 - 26. What is the highest common factor of a and m?
15
Suppose -2*y + 108 = 2*y. Suppose y = m - 5*k, -4*m + 2*k + 6 = -6*m. Suppose m*v + 0*v = 24. What is the greatest common factor of 24 and v?
12
Let h(v) = 5*v - 2. Let k(z) = z. Let y(i) = h(i) - 6*k(i). Let s be y(-5). What is the highest common factor of s and 15?
3
Let y(x) = 4*x - 2. Let t(v) = 7*v - 4. Let z(c) = 3*t(c) - 5*y(c). Let r be (3 + (-2 - -2))/1. Let m be z(r). What is the highest common factor of m and 4?
1
Let p be (5 + (-7 - -3))*0. Suppose -3*b + 3*s + 276 = p, s + 0*s + 2 = 0. What is the highest common factor of b and 15?
15
Let y(i) = 15*i + 6. Let u be y(3). Calculate the highest common divisor of 17 and u.
17
Suppose 286 = 5*t + 4*z - 153, -5*t = -5*z - 475. Calculate the highest common divisor of t and 13.
13
Let p be -9 - -7 - 16/(-2). Let u be p/24 - (-118)/8. Calculate the greatest common divisor of u and 165.
15
Suppose 4*z = -4*t + 316, 5*t - 432 = z - 37. Let d = 143 - t. What is the highest common factor of 16 and d?
16
Suppose 2*k = -k + 15. Suppose k = -5*p - 2*t, -p - 24 = -0*t + 5*t. Let u be (-28 + p)*(-4 + 3). What is the greatest common factor of 3 and u?
3
Let d = 11 + -6. Suppose 5*o = 5*p + 2160, -2*o - 2*o - 2*p + 1746 = 0. Suppose -5*t + o = 160. What is the highest common divisor of d and t?
5
Suppose 3*o = 5*o + 5*b - 25, -5*o + 22 = -b. Suppose -700 + 240 = -o*y. What is the highest common divisor of 23 and y?
23
Let r = -54 - -19. Let y(u) = 271*u**3 - 1. Let p be y(1). Let a be (-2)/(-7) - p/r. What is the highest common divisor of a and 64?
8
Suppose d - 5*k = -3*k + 81, 3*k = 0. Let w be (12/(-8))/((-6)/8). Let x be d/6 - (-1)/w. What is the highest common factor